*p + 2. Let b(g) = -3*h(g) - 2*t(g). Give b(30).
-20
Let w(h) = -h + 1. Let p = 767 - 701. Suppose -p*i - 216 = 114. Determine w(i).
6
Let s(g) be the third derivative of -g**4/24 - g**3/6 - 5*g**2 - 593. Let a = 3 + 0. Suppose 0 = -2*v + v + a, 5*y + 6 = 2*v. Determine s(y).
-1
Let i(o) be the second derivative of 3*o**5/10 + o**4/6 - o**2/2 + o. Let y be 1770/12 - (-4)/(-16)*-2. Let p = 149 - y. Determine i(p).
7
Let o be (199 - 178) + -57 + -1. Let k(n) = -3*n**3 - 112*n**2 - 38*n - 40. Determine k(o).
-3
Let t(i) be the second derivative of i**4/12 - i**3/3 + 947*i. Give t(10).
80
Let s(q) be the first derivative of q**6/120 - q**5/15 - q**4/12 - 49*q**2/2 + 37. Let b(t) be the second derivative of s(t). Give b(4).
-8
Let n(x) = -110*x**3 - 6*x**2 + 2 + 47*x**3 - 3 + 64*x**3 + 5*x. Suppose 3*o - 8*o - a = -30, -2*o + 25 = 3*a. Give n(o).
-1
Suppose 15*l = 13*l - 2, 4*i = 5*l + 5. Let b(k) = -4*k + 4 + 2*k**2 + i - 2*k + 3*k**2 - k**3. Let x = -7 + 11. Give b(x).
-4
Let f = -4453 - -4427. Let n(s) = -s**2 - 24*s + 58. What is n(f)?
6
Let x be (-7 - 4) + 36/10*35/21. Let h(t) = -4*t + 29. What is h(x)?
49
Let v be (22/(-4) - -2)/(22/(-4) - -5). Let f(m) = -5*m - 26. Calculate f(v).
-61
Let d = -5200 - -5202. Let k(u) be the second derivative of -12*u - 1/6*u**3 + 0 - u**d. Determine k(4).
-6
Suppose 3*m = l - 6 - 9, -2*m - 10 = -4*l. Let f be 1/(m/70*2). Let n(k) be the first derivative of -k**2 - 2*k - 9. Calculate n(f).
12
Let p be ((-8)/6*225/(-48))/(35/140). Let y(f) = f**3 - 25*f**2 + 1. What is y(p)?
1
Suppose 60*y - 62*y + 2*s = 0, -4*y = 4*s + 16. Let h(a) = -12*a - 12. Determine h(y).
12
Let r(x) be the third derivative of x**5/60 - 3*x**4/8 - 11*x**3/6 - 4*x**2 - 1600*x - 1. Let t = -14 - -23. Give r(t).
-11
Let r(y) be the first derivative of 2*y**3/3 + 2*y**2 + 11*y - 2476. Determine r(6).
107
Let w(q) = q**2 - 5*q - 3. Let a(p) = -2*p**2 + 6*p + 4. Let l(t) = -5*a(t) - 6*w(t). Let j(c) = -36*c + 1762. Let d be j(49). Calculate l(d).
14
Let h(c) = -6 + 64*c**2 + 65*c**2 + 0 - 130*c**2 + 8*c. Calculate h(3).
9
Let k = 144 - 91. Suppose -25 = -4*r - k. Let s(t) = 2 + t**2 + 3*t - 5*t + 10*t. Give s(r).
-5
Let w(f) = f**2 - 6*f + 6. Let b(s) = 4*s**2 + 4*s - 3. Let k be b(2). Let h(j) = k*j**2 - 4 + 5*j - 22*j**2 + 3. Let q be h(2). Calculate w(q).
1
Let k be 4/(15/6 - 3). Let v(n) = -78*n + 23. Let l(r) = 47*r - 12. Let f(h) = -5*l(h) - 3*v(h). Give f(k).
-1
Let l(q) = -12*q + 2. Suppose 81*s + 213 + 192 = 0. Determine l(s).
62
Suppose 275*w = 1090 - 2740. Let x(n) be the first derivative of 3/2*n**2 + 5*n - 2. Give x(w).
-13
Let h be (-1209)/124 + 3/4. Let j(q) = -q**2 - 8*q - 1. Let s be j(h). Let y(l) = -l**3 - 10*l**2 - l + 6. What is y(s)?
16
Let t = 63 - 60. Suppose -t*c = -c - 8. Let u(s) = 3*s - c*s + 7*s - 4*s + 2. Determine u(-2).
-2
Let c(r) = -r**2 - 11*r - 8. Let z(x) = -59*x - 231. Let q be z(-4). Let m be (-1)/((60/500)/(6/q)). Determine c(m).
2
Suppose 3*a + 8*t - 7 = 3*t, 2*a - 4*t = 12. Suppose -a*z - 16 = 2*b, -b - 12 = 4*z - 0*b. Let g(k) = 2*k**2 - 3*k - 3. Determine g(z).
11
Let o = -1 - 2. Let m(w) = -w**3 - 11*w**2 + 8*w - 26. Let k be m(-12). Let g(t) = 29*t**3 - 8*t**3 - k*t**3 - 4 - 5*t**2 - 4*t. What is g(o)?
-10
Let i(j) = -7*j**3 + 16*j**2 + 5*j - 91. Let h(p) = 6*p**3 - 15*p**2 - 4*p + 74. Let r(o) = -6*h(o) - 5*i(o). Determine r(9).
83
Let d(l) = 27*l - 17. Suppose 0 = -122*g + 107*g + 15. Give d(g).
10
Let m(d) = 45*d + 3903. Let o be m(-87). Let t(u) be the second derivative of u**5/20 + 13*u**4/12 + 11*u**3/6 - 6*u**2 + 5*u. Determine t(o).
0
Let p(j) = 9*j + 5. Suppose 0 = 16*d - 10*d + 24 - 6. Give p(d).
-22
Let a(z) = 3*z**2 + 13*z - 11. Suppose 5*h - 10 = 5*d, -3*d = -17*h + 13*h. Give a(h).
19
Let b be (28/(28/(-5)))/(1 - 2). Let u(s) = -s**3 + 2*s**2 + 19*s - 14. What is u(b)?
6
Let n be 8 + 0*1/(-3). Let j(s) = -2 - s - s + n. Suppose -2824 = 35*y - 1405 - 1629. Give j(y).
-6
Suppose 4*h + 53 = -5*z, 5*z + 37 = 7*h - 3*h. Let a(x) = 29*x + 8*x**2 - 5 + 19*x + x**3 - 57*x. Give a(z).
-5
Suppose 0 = -4*a + 3*v + 86, 5*a - 4*a - 4*v = 28. Suppose -5*n + q = 30, n + a = -2*q + 5*q. Let o(t) = t**3 + 6*t**2 - 6. Determine o(n).
19
Let b(j) = -3026*j - 2 + j**3 - 2928*j + 4 + 5958*j - 4*j**2. Let s be (-1)/((3/(-5))/3). Calculate b(s).
47
Let h(o) be the first derivative of o**4/4 + 4*o**3 - 2*o**2 - 3*o + 1008. Give h(-12).
45
Let n = 5622 + -5605. Let q(i) = i**2 - 19*i + 34. What is q(n)?
0
Let b(d) = 23*d - 421. Let t(a) = -4*a + 209. Let f(k) = -2*b(k) - 5*t(k). Give f(-8).
5
Let s = -1901 + 114061/60. Let u(b) be the third derivative of 0*b + 5/6*b**3 + 0 + 7/24*b**4 + s*b**5 + 31*b**2. Determine u(-6).
-1
Suppose 2*t = 5*u, t - 5*u - 15 = -10*u. Suppose -20 = -4*r + x, 23 = 5*r + t*x - 27. Let w(z) be the first derivative of 3*z**2/2 - 4*z + 10. Give w(r).
14
Let z(s) = s - 12. Let g(a) = -a - 11. Let c(r) = -6*g(r) + 4*z(r). Let x be c(-1). Let i(p) = -p - 1. What is i(x)?
-9
Suppose 86 = 3*o - x, 0 = -54*o + 51*o + 3*x + 96. Let l(r) = 4*r - 100. Calculate l(o).
8
Let s(u) be the second derivative of u**6/120 - u**5/10 + u**4/6 + u**3 + 29*u**2 + u. Let h(v) be the first derivative of s(v). Calculate h(5).
1
Let l(q) be the first derivative of -1/3*q**3 - 9*q - 3*q**2 - 279. Give l(-6).
-9
Let o(t) be the third derivative of t**4/8 + 2*t**3/3 - 754*t**2. Suppose c = 5*p + 19, p + 4*p + c + 21 = 0. What is o(p)?
-8
Let k(j) be the third derivative of 7*j**5/4 + j**4/24 - 1295*j**2 - 1. Calculate k(-1).
104
Let d = 324 + -306. Let g(x) = x**3 - 18*x**2 - 3*x + 45. Give g(d).
-9
Suppose -5*z - 5 = 5*n - 35, 0 = -z + 3*n + 14. Let j(p) = 2*p**2 - 11*p - 5. Calculate j(z).
35
Let u(m) = -7*m - 4*m + 3*m + 138 + 6*m - 126. Determine u(-8).
28
Let b(z) = z**3 - z - 4. Let c be b(2). Suppose -4*g + 30 = c*g. Let a(n) = -24 + g*n - n**2 - 25 + 43. Calculate a(5).
-6
Let x be (-162)/21 - (-4)/(-14). Let a(t) = -3 + 31*t + t**2 + 26*t + 30*t - 80*t - 5. Determine a(x).
0
Let n(w) = w**2 + 24*w + 11. Let p(y) = -y**2 - 22*y - 11. Let q(d) = -6*n(d) - 7*p(d). Let z be 146/(-16) + 4/32. What is q(z)?
2
Let g(c) = -c. Let f(i) = -2*i**3 + 7*i**2 - 24*i + 27. Let v be f(6). Let h = -295 - v. Calculate g(h).
-2
Let s be 5236/(-231) - 3/9. Let o(x) = x + 54. Determine o(s).
31
Let d(r) = r**3 - 5*r**2 + 4*r + 2. Let h = -102 - -110. Suppose -h*i = -39 + 7. Determine d(i).
2
Let q(k) = k - 2. Let s(t) = t**2 + 12*t + 8. Let n = 84 - 95. Let b be s(n). Calculate q(b).
-5
Let l(t) be the second derivative of t**5 + t**4/3 + t**3/3 + t**2 + 9845*t. Give l(-1).
-16
Let a(m) = -m - 10. Suppose -n = -b - 4, b + 11 = 3*n - b. Suppose 0 = -3*d - 3, -n*p = -p + 4*d + 26. Determine a(p).
1
Suppose -5*s + 0*s = 5*j - 140, 2*j - 2*s - 64 = 0. Suppose -2*v = 4*o - 154, 6*v = 2*v - 5*o + 299. Let u(f) = -v*f + 27*f + 26*f + j*f. Determine u(-1).
-12
Let c(r) = r + 4. Let x = 14 - 20. Let j(l) = -2*l**2 - 11*l + 10. Let g be j(x). Suppose 5*d - 22 = -g*i, 4*d - 2*i - 32 = 2*i. Calculate c(d).
10
Let y(l) = l**3 - 16*l**2 + 15*l + 17. Suppose -4*j = -28*j. Suppose j = -8*k + 7*k + 15. What is y(k)?
17
Let t(w) = -9*w**2 - 55*w + 114. Let l(f) = -5*f**2 - 28*f + 56. Let q(m) = -11*l(m) + 6*t(m). Give q(19).
11
Let g(p) = -1748*p**2 - 4 + 5*p - 1742*p**2 + 3489*p**2. Suppose 3*y = 3*h + 12, y = -0*y - h + 2. Give g(y).
2
Let v(l) = -28*l - 8. Suppose 15 = 5*g - 5*f, -38 = 3*g - 2*f - 44. Determine v(g).
-8
Let c = -4 + 2. Let r(n) be the first derivative of n**4/2 - n**3/3 - 3*n**2/2 - 3*n - 11422. Give r(c).
-17
Suppose -4*x = 3*a - 23, -4*a - x + 6*x = -72. Let y(j) = j**3 + 13*j**2 + 10*j - 10. Let i be y(-12). Let p = i - a. Let b(l) = 2*l**2. Give b(p).
2
Let l = -25 + 13. Let z(w) be the third derivative of -w**4/8 - 5*w**3 + 4*w**2 - 587. Give z(l).
6
Let v(z) be the first derivative of -10*z**3/3 + z**2/2 + 94*z + 110. Let c(q) be the first derivative of v(q). Determine c(1).
-19
Let c(j) = -j**3 + 3*j**2 + 18. Let s be -25 + (-27)/(594/(-704)). What is c(s)?
-178
Let p(l) = l**3 - 2*l**2 + 2*l - 3. Let d(w) = -2*w**3 + 2*w**2 - 3*w + 4. Let t(n) = 3*d(n) + 5*p(n). What is t(-4)?
-7
Let c(s) = -213*s + 90 - 181*s + 382*s. Determine c(8).
-6
Let v(n) = 188 + n + 186 - 395. Give v(7).
-14
Let q(j) = j**3 + 6*j**2